4*h + 6 = 0. Let q(y) = y - 1 - 14*y**2 + 2*y + z*y**2 - y. What is q(1)?
-10
Suppose 5*a - 6*a + 2 = 0. Let f(h) = 2*h - 2. What is f(a)?
2
Let t(v) = 3*v**2 + 7*v - 3. Let m(c) = -c**2 - c. Let q(j) = -6*m(j) - t(j). Let g(b) = 2*b**2 + 1. Let h(x) = 5*g(x) - 3*q(x). Calculate h(-3).
-4
Let f(y) be the second derivative of y**5/20 - y**4/3 - 5*y**3/6 + y**2/2 + 7*y. Let k = 12 + -6. Let r = -1 + k. Determine f(r).
1
Let j(g) be the second derivative of 2/3*g**3 + 0 + 7*g - 1/4*g**4 - g**2 + 1/20*g**5. What is j(3)?
10
Let x(p) be the second derivative of p**4/12 - p**3/6 - 5*p**2/2 + 31*p. Let v be ((-1)/(-1))/2*8. Determine x(v).
7
Let i(f) = f**2 + 4*f + 1. Let w(y) = y**3 + 21*y**2 - y - 24. Let j be w(-21). Determine i(j).
-2
Let j(v) = -v**2 - 6*v + 7. Let z(q) = -q - 14. Let c be z(-6). Determine j(c).
-9
Let x(v) = v**3 + 6*v**2 + 5*v - 4. Let l be 5/3*(3 + 0 + -6). Calculate x(l).
-4
Let p(t) be the first derivative of -t**6/120 - t**4/12 - t**3/6 - t**2 - 1. Let h(y) be the second derivative of p(y). What is h(-1)?
2
Let z(l) = 9*l - 4 - 2*l**2 - 16*l + 0 + 0. What is z(-5)?
-19
Let z(o) be the second derivative of -5*o**3/6 + 3*o**2/2 + 3*o - 14. What is z(-4)?
23
Let d(t) = t**2 - 6*t - 1. Suppose -b + 2 = -5. Calculate d(b).
6
Suppose -18 = -4*d + 2. Suppose -d = 4*v + 7. Let g(j) be the second derivative of -j**3/6 + 2*j**2 - j. Determine g(v).
7
Suppose 0 = 4*d - 2 - 14. Let n(l) = l + 3 + 0*l - d*l. Determine n(3).
-6
Let b(h) = 11*h**3 + h**2 + h - 1. Suppose 2*z + 1 = 3. Give b(z).
12
Let r(h) = 2*h - 1. Let w = 2 - 2. Let z = w - -3. Calculate r(z).
5
Let u = -6 - -15. Suppose 0 = -2*r + 1 - 3, 4*c + 3*r - u = 0. Let f(s) = -2 + 0*s**3 - 3*s**3 + s**3 + c*s**3. Give f(2).
6
Let i = 4 + 1. Suppose -11 = i*k + 44. Let c = k + 16. Let u(r) = r**2 - 5*r - 6. Give u(c).
-6
Let c(m) = -m**3 - 4*m**2 + m + 1. Suppose 2*a - 2*u + 6 + 2 = 0, 3*u + 12 = -3*a. Calculate c(a).
-3
Suppose -2*y - 3 = -5*y. Let n be (1 - (-2)/1) + -6. Let b = n + y. Let w(g) = -g**2 + 2. What is w(b)?
-2
Suppose 0 = -0*v - v. Let p(t) = -t + 2*t + v*t - 3. Calculate p(7).
4
Let s(z) = 25*z**3 - 2*z**2 - 7*z + 5. Let d(x) = 38*x**3 - 3*x**2 - 11*x + 8. Let l(k) = 5*d(k) - 8*s(k). Calculate l(-1).
10
Let z(p) = p**2 + p + 1. Suppose 3*t - 5*n + 4*n = 2, 4*n + 1 = 5*t. Let g(h) = -h**2 + h - 1. Let b be g(t). What is z(b)?
1
Let y(a) = -a**2 - 53*a**3 + 6*a + 52*a**3 + 2 - 3*a. Let r(c) = -4*c**3 - 4*c**2 + 12*c + 9. Let u(p) = 2*r(p) - 9*y(p). Determine u(-3).
-9
Let y(h) = -h - 2. Let n = 5 - 7. Let v(s) = -2*s**2 - 2*s - 1. Let z be v(n). Let k = -1 - z. Calculate y(k).
-6
Let g(r) = r**2 + 9*r + 11. Let c be g(-8). Let o = 6 - c. Let l(u) = -u**2 - 1. Let d(a) = -5*a**2 - a - 10. Let s(v) = -d(v) + 6*l(v). Calculate s(o).
-2
Let x be 12/15*(-15)/(-6). Let j be 3/(-6) - 7/x. Let t(o) = -o - 1. Let q(m) = 7*m + 10. Let u(y) = q(y) + 6*t(y). What is u(j)?
0
Let f = 16 + -14. Let r(h) = -2 + h + 0*h + h**f - 5*h - 5. Calculate r(6).
5
Let y(a) = -7*a**2 + 6*a + 10 + 6*a**2 + 0*a. Calculate y(7).
3
Let h be (2/(-4))/((-1)/4). Let z(j) = -2*j**2 - j**3 - 1 - j**h - 3*j + j**2. Let g be z(-2). Let c(r) = -2*r + 3. Calculate c(g).
-7
Let n = 41 + -39. Let z(g) be the first derivative of g**3/3 - g**2/2 - g - 1. Calculate z(n).
1
Let c(t) = -2*t + 2. Let v(s) = s**3 - 8*s**2 + 8*s - 3. Let a be v(7). Determine c(a).
-6
Suppose 3*v - 13 = 2*h, -2*v - 2*h = 3*v - 27. Let j(d) = 4 + 2 + d - v + 1. Let r = 1 + -4. Calculate j(r).
-1
Let s(q) = q + 9. Let z = 105 + -111. Calculate s(z).
3
Let p(b) be the first derivative of b**4/4 + 2*b**3/3 + 2*b**2 + 3*b + 25. Give p(-2).
-5
Suppose 0 = -9*p + 7*p - 10. Let q(i) = 2*i**2 + 6*i - 4. Determine q(p).
16
Suppose 0 = -3*m + 5*m + 4. Let w be 9/m*(-4)/3. Let u(q) = w*q + q**2 + 0*q**2 + 2*q**2 - 3 - 4*q**2. What is u(2)?
5
Let n(y) = 7*y. Suppose 4*x = p - 3*p - 12, 2*p + 2 = x. Give n(p).
-14
Let q(r) = -r. Suppose 5*o = 149 - 24. Suppose l - 6*l + o = 0. Give q(l).
-5
Suppose -h = z - 1, 4*z + 41 = -h + 6*h. Suppose -h*o + 12 + 3 = 0. Let a(v) = v - 3. Give a(o).
0
Suppose 4*r + 21 = -19. Let o be (-3 - 2)*8/r. Let t(q) = -q + 3. Determine t(o).
-1
Let u(r) = -3*r - 4. Suppose 3*i + 4*a - 31 = 0, -4*a + 7*a = i + 7. Calculate u(i).
-19
Let d(c) be the first derivative of -c**4/4 + 5*c**3/3 + 7*c**2/2 - 5*c - 8. What is d(6)?
1
Let b(n) be the second derivative of -n**4/6 + 2*n**3/3 - 3*n**2/2 - 6*n. Determine b(2).
-3
Suppose -w + 15 = 2*w. Let f(v) = v - 5 - 1 + v. What is f(w)?
4
Let p(k) = -k**3 + 7*k**2 - 2*k + 8. Suppose -c - 4*r + 41 = 2*c, 18 = -c + 5*r. Determine p(c).
-6
Let q(n) = n**2 - n - 1. Let g = 9 - 10. Let f(t) = -t**3 - 5*t**2 - 8*t + 4. Let c(k) = g*f(k) + 2*q(k). What is c(-6)?
-6
Let q(p) = 7*p**2 - 2*p + 1. Let k be -5 + 4 + (0 - -2). Give q(k).
6
Let z(u) = -u + 4. Let i be 0 + -2 + 0 + 5. Suppose -3*s + 5*p - 4*p = -17, 5*s + i*p = 5. What is z(s)?
0
Let g(q) = q**3 + 7*q**2 + q - 4. Let y(u) = u**3 + 8*u**2 + 2*u - 5. Let z(p) = -3*g(p) + 2*y(p). Give z(-5).
-3
Let q be 1/3 + 1/(-3). Suppose -2*x - 4*a = -20, 0*x - 2*x + 5*a - 16 = 0. Let p(o) = x + 2 + o - 1. Determine p(q).
3
Let t(w) = w - 5. Let q(c) = c - 17. Let m(x) = -9. Let v(l) = 5*m(l) - 2*q(l). Let k be v(-8). Calculate t(k).
0
Let i(w) = 5*w + 1. Let h = -6 - -8. What is i(h)?
11
Let n(p) = -p**3 - p**2 + p. Suppose -7*m + 3*m + 8 = 0. Suppose 0*u - m = u. Calculate n(u).
2
Suppose 4*v - 2*v = -8, -4*v = -4*d + 8. Let o(i) be the second derivative of -1/6*i**3 - i + 0 + 1/20*i**5 + 0*i**4 + 0*i**2. Give o(d).
-6
Let b = 0 - -3. Suppose 1 = -l + b. Let r(t) = 26*t**3 - 14*t**3 - 13*t**3 - 3*t + 2*t**2. What is r(l)?
-6
Let w(p) be the third derivative of -p**5/15 - 2*p**2. Calculate w(1).
-4
Let v = 13 + -8. Let c(y) = -y + 1. Let z(g) = 16*g**3 - 3*g + 17*g**3 - 5*g**2 - 32*g**3 - 2*g + 10. Let n(h) = -4*c(h) + z(h). What is n(v)?
1
Let z(x) = 4*x**2 - 3*x - 7. Let g(r) = 2*r**2 + 3*r**2 - 1 - 4*r**2. Let b(v) = 3*g(v) - z(v). Suppose 2*d - 2*f = 2, 6*d - 3*d - 4*f = -1. Give b(d).
-6
Let f = -186 - -184. Let w(q) = q + 3. Calculate w(f).
1
Let i(z) = -7*z. Let n(b) = -48*b. Let s(c) = 27*i(c) - 4*n(c). Calculate s(2).
6
Suppose k - 5*b = 22, -18 = k + 7*b - 2*b. Let r(t) be the third derivative of 0 + 1/6*t**3 + 1/24*t**4 - 2*t**k + 0*t. Give r(-1).
0
Let i be ((-3)/4)/(3/12). Let f(z) = z**2 + z - 3. What is f(i)?
3
Let s be (5/10)/(1*(-2)/36). Let b(l) = l**3 + 9*l**2 + 3. Give b(s).
3
Let z be 2/(-2 + 7 + -3). Let h(k) = 14*k**2. Determine h(z).
14
Let n(w) = w**2 + 6*w + 6. Let x be n(-5). Let r be (x - 1)*(-2)/(-4). Suppose r*s = -3*s - k - 8, -k + 4 = 0. Let v(i) = i**2 + 5*i + 6. What is v(s)?
2
Let y(m) = 3*m - m - 11 - m. Let o be (-2)/4 + (-28)/(-8). Suppose 0 = 2*h - o*h. Calculate y(h).
-11
Let t(p) = p + 1. Let u(i) = 9*i + 10. Let h(z) = -22*t(z) + 2*u(z). Let f(k) = -5*k - 3. Let g(q) = -3*f(q) + 4*h(q). What is g(1)?
0
Let t(v) be the second derivative of 0*v**3 + 0*v**4 + 1/2*v**2 - 2*v + 0 + 2/5*v**5. Let j = 4 + -5. What is t(j)?
-7
Let x(p) = -7*p. Let d(k) = -2*k - 7. Let m be d(-6). Let s(o) = -6*o. Let q(g) = m*x(g) - 6*s(g). Suppose 5*f = 25, w - 12 = -2*f - 3. Calculate q(w).
-1
Let v(n) = n**3 - 2*n**2 + 2*n - 1. Let t be v(2). Let m be -1*3*(-2)/t. Let y(z) = -3 + 1 + 4*z - 2*z**2 + 0*z. Calculate y(m).
-2
Let k(p) = -p. Suppose 3 = -3*h + 6. Calculate k(h).
-1
Let f = -110 + 111. Let o(w) = w**2 + 3*w - 1. Determine o(f).
3
Let p = 17 - 1. Suppose p = -3*m - m. Let s(x) = x**3 + 3*x**2 - 4*x + 5. Calculate s(m).
5
Suppose 0*n - 2 = -2*n. Suppose -2*c = c - 15. Let l(u) = u - 1 + c*u**3 + 4 - u**2 - 4. Give l(n).
4
Let k be (48/(-9))/(6/(-9)). Let d(v) = v**2 - 9*v + 11. Determine d(k).
3
Let w(u) = -u**2 + 6*u. Suppose 0 = 3*g - 7*g. Let f = g + -2. Let p(x) = -x**3 - 2*x**2 - 3*x - 1. Let n be p(f). What is w(n)?
5
Let k(j) be the third derivative of j**6/120 - j**5/60 - j**4/24 + j**3/3 - j**2. Let t be 1/3*-3*2. Give k(t).
-8
Let c(u) = u**3 + 11*u**2 + 12*u + 14. Let z be c(-10). Let s(x) = x**3 + 6*x**2 + x + 2. Determine s(z).
-4
Let r(u) = -9*u + 15. Let n(f) = -4*f + 8. Let a(d) = -7*n(d) + 3*r(d). Let j(s) = -2*s + 23. Let i(b) = -5*a(b) - 2*j(b). Give i(0).
9
Let l(i) = -i**2 + 2*i + 2. L